mon factor of 296 and 529544.
296
What is the highest common divisor of 244808 and 1136?
568
Calculate the greatest common factor of 14716 and 7641.
283
What is the highest common divisor of 1743931 and 7?
7
Calculate the greatest common factor of 553764 and 132.
12
What is the greatest common factor of 6 and 311478?
6
Calculate the highest common factor of 936 and 479160.
72
What is the highest common divisor of 135191 and 25543?
623
What is the greatest common factor of 60 and 2236365?
15
What is the greatest common divisor of 540 and 37760?
20
What is the highest common factor of 96 and 112416?
96
Calculate the highest common factor of 405 and 187020.
45
What is the greatest common divisor of 1704 and 16872?
24
What is the greatest common divisor of 9 and 4467?
3
What is the greatest common divisor of 142857 and 143?
143
Calculate the highest common divisor of 4365 and 183.
3
Calculate the greatest common factor of 380975 and 8575.
1225
What is the greatest common divisor of 87 and 54259?
29
Calculate the highest common factor of 1680 and 30180.
60
What is the highest common factor of 135 and 30105?
135
What is the highest common factor of 76601 and 651?
217
Calculate the highest common factor of 50 and 188975.
25
Calculate the greatest common divisor of 988 and 195244.
76
Calculate the highest common divisor of 552 and 2796.
12
What is the highest common factor of 143550 and 720?
90
What is the greatest common factor of 16 and 8381264?
16
Calculate the greatest common factor of 539 and 75656.
49
Calculate the greatest common factor of 250 and 108250.
250
What is the greatest common factor of 31316 and 416?
4
What is the greatest common divisor of 44 and 8998?
22
Calculate the highest common factor of 4 and 46424.
4
Calculate the highest common divisor of 5 and 5843755.
5
What is the highest common factor of 164480 and 20?
20
Calculate the highest common factor of 4851105 and 147.
21
Calculate the greatest common factor of 2786 and 1990.
398
What is the highest common divisor of 5389 and 1921?
17
Calculate the highest common factor of 270 and 1526130.
90
What is the greatest common divisor of 378 and 36477?
189
What is the highest common divisor of 3634 and 10665?
79
Calculate the greatest common divisor of 5392 and 4381.
337
What is the greatest common factor of 765 and 289323?
153
What is the greatest common factor of 276 and 60122?
46
Calculate the greatest common divisor of 889 and 11303.
127
What is the greatest common divisor of 570 and 1027900?
190
Calculate the highest common divisor of 745 and 20413.
149
What is the greatest common divisor of 10332 and 588?
84
Calculate the highest common factor of 97674 and 8322.
438
Calculate the greatest common divisor of 450 and 975630.
30
What is the greatest common factor of 672 and 140784?
336
Calculate the greatest common factor of 28 and 17906.
14
What is the greatest common factor of 585641 and 49?
7
What is the highest common divisor of 216 and 206?
2
Calculate the greatest common divisor of 992181 and 489.
489
What is the highest common divisor of 750 and 3193800?
150
What is the greatest common factor of 567 and 17658?
81
Calculate the greatest common factor of 76 and 4559278.
38
Calculate the highest common factor of 11045 and 5875.
235
What is the highest common factor of 28 and 396004?
28
What is the greatest common divisor of 35 and 815?
5
What is the highest common divisor of 352488 and 209?
19
What is the highest common divisor of 864 and 1862496?
288
What is the greatest common factor of 26564 and 1189?
29
Calculate the highest common divisor of 27 and 9139554.
27
What is the highest common factor of 780 and 536250?
390
What is the highest common divisor of 6784 and 2944?
128
Calculate the greatest common factor of 327680 and 320.
320
Calculate the highest common divisor of 302650 and 150.
50
Calculate the highest common divisor of 3406 and 28977.
13
Calculate the greatest common factor of 30252 and 24.
12
What is the greatest common factor of 2415 and 11970?
105
What is the highest common factor of 2448 and 324003?
51
Calculate the highest common factor of 47437 and 287.
41
What is the highest common factor of 65339 and 223?
223
Calculate the greatest common factor of 22032 and 96.
48
Calculate the greatest common divisor of 304 and 245936.
304
Calculate the greatest common divisor of 286 and 12558.
26
What is the greatest common factor of 1313260 and 1040?
260
Calculate the highest common divisor of 411463 and 31.
31
Calculate the greatest common divisor of 3441495 and 15.
15
What is the greatest common divisor of 3263056 and 368?
368
What is the highest common divisor of 12738 and 24?
6
Calculate the highest common factor of 84710 and 1290.
430
What is the highest common divisor of 207020 and 308?
44
Calculate the greatest common divisor of 38223 and 822.
411
Calculate the greatest common divisor of 6275 and 12299.
251
Calculate the greatest common divisor of 1128 and 48128.
376
What is the highest common divisor of 50 and 42410?
10
What is the greatest common factor of 2538 and 2256?
282
Calculate the highest common divisor of 31500 and 2628.
36
Calculate the highest common divisor of 12 and 144426.
6
Calculate the highest common divisor of 3374 and 34.
2
Calculate the greatest common factor of 52 and 237094.
26
Calculate the greatest common factor of 15488 and 440.
88
Calculate the highest common divisor of 19 and 196289.
19
What is the highest common divisor of 39 and 221?
13
What is the greatest common factor of 1386866 and 6396?
1066
What is the greatest common divisor of 78 and 528222?
6
Calculate the highest common factor of 144 and 13296.
48
What is the highest common factor of 8756 and 7634?
22
Calculate the greatest common divisor of 244080 and 226.
226
Calculate the greatest common factor of 3852 and 144.
36
Calculate the highest common divisor of 32 and 151968.
32
What is the greatest common divisor of 36093 and 318?
159
What is the greatest common factor of 52 and 45526?
26
What is the highest common factor of 55 and 841973?
11
Calculate the highest common divisor of 33 and 83469.
3
Calculate the greatest common divisor of 239760 and 684.
36
Calculate the greatest common divisor of 735 and 681345.
735
Calculate the greatest common divisor of 442272 and 153.
51
What is the highest common factor of 256190 and 418?
22
What is the highest common divisor of 350659 and 17?
17
What is the highest common divisor of 1114 and 26?
2
Calculate the highest common factor of 2 and 3767002.
2
Calculate the highest common divisor of 88 and 261404.
44
What is the greatest common divisor of 527904 and 324?
108
Calculate the highest common factor of 912 and 10640.
304
Calculate the greatest common factor of 8072 and 40.
8
Calculate the greatest common divisor of 216 and 6087528.
216
Calculate the greatest common factor of 705 and 39245.
235
Calculate the greatest common factor of 1609428 and 1988.
284
What is the greatest common factor of 470 and 1390?
10
What is the highest common divisor of 84324 and 96?
12
Calculate the highest common factor of 14 and 16331.
7
Calculate the highest common divisor of 5674949 and 259.
259
Calculate the highest common factor of 332 and 23288.
4
What is the highest common divisor of 2608 and 5528308?
652
What is the highest common factor of 10751 and 4849?
13
What is the greatest common factor of 546 and 79422?
42
Calculate the greatest common factor of 9795526 and 2054.
2054
What is the greatest common factor of 183846 and 390?
78
What is the highest common factor of 61 and 119438?
61
What is the greatest common divisor of 1955 and 357?
17
Calculate the greatest common factor of 9562 and 7.
7
Calculate the highest common divisor of 1478874 and 309.
309
What is the highest common factor of 37 and 160987?
37
What is the greatest common factor of 1429605 and 9?
9
Calculate the greatest common factor of 2807850 and 100.
50
Calculate the highest common factor of 720 and 380280.
120
What is the greatest common divisor of 70 and 709135?
35
What is the highest common divisor of 688 and 213?
1
What is the greatest common divisor of 31122 and 2106?
234
What is the highest common divisor of 3730 and 10?
10
What is the highest common factor of 13281 and 20